{"id":635,"date":"2020-06-22T13:44:41","date_gmt":"2020-06-22T13:44:41","guid":{"rendered":"http:\/\/caminos.udc.es\/hosting\/web\/?page_id=635"},"modified":"2020-07-06T11:34:54","modified_gmt":"2020-07-06T11:34:54","slug":"historico-de-noticias","status":"publish","type":"page","link":"https:\/\/caminos.udc.es\/hosting\/web\/index.php\/historico-de-noticias\/","title":{"rendered":"Historico de noticias"},"content":{"rendered":"\t\t<div data-elementor-type=\"wp-page\" data-elementor-id=\"635\" class=\"elementor elementor-635\">\n\t\t\t\t\t\t<section class=\"elementor-section elementor-top-section elementor-element elementor-element-604fdf6 elementor-section-boxed elementor-section-height-default elementor-section-height-default\" data-id=\"604fdf6\" data-element_type=\"section\" data-e-type=\"section\">\n\t\t\t\t\t\t<div class=\"elementor-container elementor-column-gap-default\">\n\t\t\t\t\t<div class=\"elementor-column elementor-col-100 elementor-top-column elementor-element elementor-element-9bf440f\" data-id=\"9bf440f\" data-element_type=\"column\" data-e-type=\"column\">\n\t\t\t<div class=\"elementor-widget-wrap elementor-element-populated\">\n\t\t\t\t\t\t<div class=\"elementor-element elementor-element-8368248 elementor-widget elementor-widget-toggle\" data-id=\"8368248\" data-element_type=\"widget\" data-e-type=\"widget\" data-widget_type=\"toggle.default\">\n\t\t\t\t<div class=\"elementor-widget-container\">\n\t\t\t\t\t\t\t<div class=\"elementor-toggle\">\n\t\t\t\t\t\t\t<div class=\"elementor-toggle-item\">\n\t\t\t\t\t<div id=\"elementor-tab-title-1371\" class=\"elementor-tab-title\" data-tab=\"1\" role=\"button\" aria-controls=\"elementor-tab-content-1371\" aria-expanded=\"false\">\n\t\t\t\t\t\t\t\t\t\t\t\t<span class=\"elementor-toggle-icon elementor-toggle-icon-left\" aria-hidden=\"true\">\n\t\t\t\t\t\t\t\t\t\t\t\t\t\t\t<span class=\"elementor-toggle-icon-closed\"><i class=\"fas fa-caret-right\"><\/i><\/span>\n\t\t\t\t\t\t\t\t<span class=\"elementor-toggle-icon-opened\"><i class=\"elementor-toggle-icon-opened fas fa-caret-up\"><\/i><\/span>\n\t\t\t\t\t\t\t\t\t\t\t\t\t<\/span>\n\t\t\t\t\t\t\t\t\t\t\t\t<a class=\"elementor-toggle-title\" tabindex=\"0\">2020<\/a>\n\t\t\t\t\t<\/div>\n\n\t\t\t\t\t<div id=\"elementor-tab-content-1371\" class=\"elementor-tab-content elementor-clearfix\" data-tab=\"1\" role=\"region\" aria-labelledby=\"elementor-tab-title-1371\"><p>No hay noticias<\/p><\/div>\n\t\t\t\t<\/div>\n\t\t\t\t\t\t\t<div class=\"elementor-toggle-item\">\n\t\t\t\t\t<div id=\"elementor-tab-title-1372\" class=\"elementor-tab-title\" data-tab=\"2\" role=\"button\" aria-controls=\"elementor-tab-content-1372\" aria-expanded=\"false\">\n\t\t\t\t\t\t\t\t\t\t\t\t<span class=\"elementor-toggle-icon elementor-toggle-icon-left\" aria-hidden=\"true\">\n\t\t\t\t\t\t\t\t\t\t\t\t\t\t\t<span class=\"elementor-toggle-icon-closed\"><i class=\"fas fa-caret-right\"><\/i><\/span>\n\t\t\t\t\t\t\t\t<span class=\"elementor-toggle-icon-opened\"><i class=\"elementor-toggle-icon-opened fas fa-caret-up\"><\/i><\/span>\n\t\t\t\t\t\t\t\t\t\t\t\t\t<\/span>\n\t\t\t\t\t\t\t\t\t\t\t\t<a class=\"elementor-toggle-title\" tabindex=\"0\">2019<\/a>\n\t\t\t\t\t<\/div>\n\n\t\t\t\t\t<div id=\"elementor-tab-content-1372\" class=\"elementor-tab-content elementor-clearfix\" data-tab=\"2\" role=\"region\" aria-labelledby=\"elementor-tab-title-1372\"><p>2019-12-09 Premio Banco Caminos<br \/>2019-11-11 Premio ACADAR 2019<br \/>2019-10-24 Premio OVISA 2019<br \/>2019-10-24 Premio Profesor Rodrigo del Hoyo 2019<br \/>2019-10-24 Premio COPASA 2019<br \/>2019-10-21 Premio Puentes 2019<br \/>2019-09-06 Premios FICG a mejores Expedientes de Bachillerato 2019<br \/>2019-06-14 Solicitude de cambio de Universidade 2019<br \/>2019-06-06 Jornada de puertas abiertas (22 de junio, de 10:00 a 13:00)<br \/>2019-04-26 Olimpiada Nacional de Enxe\u00f1er\u00eda de Cami\u00f1os, Canais e Portos<br \/>2019-04-24 Calendario matr\u00edcula M\u00e1steres Universitarios 19\/20<br \/>2019-04-08 Convocatoria Estancia en Pr\u00e1cticas 2019<br \/>2019-02-18 Proxecto: Caminos de futuro<br \/>2019-02-18 Fotos y videos acto de graduaci\u00f3n Diciembre 2018<br \/>2019-02-18 CONECTA. Mellora as t\u00faas presentaci\u00f3ns orais<br \/>2019-02-12 Reuni\u00f3n informativa sobre movilidad internacional: jueves 14 de febrero a las 12:45<br \/>2019-02-05 Profesor Carlos Oteo In Memoriam<br \/>2019-01-31 Video: Cena 25 aniversario de las tres primeras promociones<\/p><\/div>\n\t\t\t\t<\/div>\n\t\t\t\t\t\t\t<div class=\"elementor-toggle-item\">\n\t\t\t\t\t<div id=\"elementor-tab-title-1373\" class=\"elementor-tab-title\" data-tab=\"3\" role=\"button\" aria-controls=\"elementor-tab-content-1373\" aria-expanded=\"false\">\n\t\t\t\t\t\t\t\t\t\t\t\t<span class=\"elementor-toggle-icon elementor-toggle-icon-left\" aria-hidden=\"true\">\n\t\t\t\t\t\t\t\t\t\t\t\t\t\t\t<span class=\"elementor-toggle-icon-closed\"><i class=\"fas fa-caret-right\"><\/i><\/span>\n\t\t\t\t\t\t\t\t<span class=\"elementor-toggle-icon-opened\"><i class=\"elementor-toggle-icon-opened fas fa-caret-up\"><\/i><\/span>\n\t\t\t\t\t\t\t\t\t\t\t\t\t<\/span>\n\t\t\t\t\t\t\t\t\t\t\t\t<a class=\"elementor-toggle-title\" tabindex=\"0\">2018<\/a>\n\t\t\t\t\t<\/div>\n\n\t\t\t\t\t<div id=\"elementor-tab-content-1373\" class=\"elementor-tab-content elementor-clearfix\" data-tab=\"3\" role=\"region\" aria-labelledby=\"elementor-tab-title-1373\"><p>2018-11-27 Premio Profesor Rodrigo del Hoyo<br \/>2018-11-22 Premio ACADAR 2018<br \/>2018-11-22 Premio OVISA 2018<br \/>2018-11-13 Calendario ex\u00e1menes Conv. Adiantada MICCP &#8211; 2018<br \/>2018-10-23 Premio Puentes 2017-2018<br \/>2018-09-11 Convocatoria adelantada y distribuci\u00f3n de Aulas<br \/>2018-07-20 \u00a1 Seguimos escalando en el Ranking de Shangai !<br \/>2018-07-05 Charla-Coloquio: Nuevos retos en transferencia de tecnolog\u00eda<br \/>2018-07-03 Concurso Nacional Proy. Fin de M\u00e1ster ICCP (Colegio ICCP)<br \/>2018-07-03 MODIFICACI\u00d3N 1er PLAZO de preinscripci\u00f3n en M\u00e1ster<br \/>2018-06-26 Premios FICG a mejores Expedientes de Bachillerato 2018<br \/>2018-06-13 Solicitud de cambio de universidad y\/o titulaci\u00f3n<br \/>2018-06-13 Alumnado que solicita cambio de universidade<br \/>2018-05-16 Curso Avanzado de Istram: lista de admitidos<br \/>2018-05-14 Curso Avanzado de Istram (18- 20 de xu\u00f1o)<br \/>2018-05-14 Plazos de preinscripci\u00f3n y matr\u00edcula en M\u00e1ster &#8211; Curso 2018\/19<br \/>2018-05-03 Premio Ingenier\u00eda Solidaria a proyectos de cooperaci\u00f3n<br \/>2018-04-05 Conferencia sobre nuevos retos en aeron\u00e1utica (9 abril, 12:45)<br \/>2018-03-19 Xoves 22 marzo. D\u00eda Mundial da Auga. Conferencia F. D\u00edaz Fierros<br \/>2018-03-01 Convocatoria Estancia en Pr\u00e1cticas 2018<br \/>2018-02-16 Curso: \u00abComo expo\u00f1er presentaci\u00f3ns e proxectos de enx. civil\u00bb<br \/>2018-02-06 Fotos y videos del Acto de Graduaci\u00f3n 2017<br \/>2018-01-10 Curso Iniciaci\u00f3n Istram_Ispol<\/p><\/div>\n\t\t\t\t<\/div>\n\t\t\t\t\t\t\t<div class=\"elementor-toggle-item\">\n\t\t\t\t\t<div id=\"elementor-tab-title-1374\" class=\"elementor-tab-title\" data-tab=\"4\" role=\"button\" aria-controls=\"elementor-tab-content-1374\" aria-expanded=\"false\">\n\t\t\t\t\t\t\t\t\t\t\t\t<span class=\"elementor-toggle-icon elementor-toggle-icon-left\" aria-hidden=\"true\">\n\t\t\t\t\t\t\t\t\t\t\t\t\t\t\t<span class=\"elementor-toggle-icon-closed\"><i class=\"fas fa-caret-right\"><\/i><\/span>\n\t\t\t\t\t\t\t\t<span class=\"elementor-toggle-icon-opened\"><i class=\"elementor-toggle-icon-opened fas fa-caret-up\"><\/i><\/span>\n\t\t\t\t\t\t\t\t\t\t\t\t\t<\/span>\n\t\t\t\t\t\t\t\t\t\t\t\t<a class=\"elementor-toggle-title\" tabindex=\"0\">Anteriores<\/a>\n\t\t\t\t\t<\/div>\n\n\t\t\t\t\t<div id=\"elementor-tab-content-1374\" class=\"elementor-tab-content elementor-clearfix\" data-tab=\"4\" role=\"region\" aria-labelledby=\"elementor-tab-title-1374\"><p>2017-11-17 Premio Acadar 2017<br \/>2017-10-18 Convocatoria adelantada MICCP<br \/>2017-10-11 Curso de iniciaci\u00f3n a BIM<br \/>2017-10-03 Premio Gas Natural Fenosa, Prof. Rodrigo del Hoyo 2017<br \/>2017-10-03 Premio Puentes 2017<br \/>2017-10-03 Premio OVISA 2017<br \/>2017-09-06 Calendario de ex\u00e1menes \u00abConvocatoria adelantada\u00bb<br \/>2017-08-18 Condolencias por el atentado terrorista en Barcelona<br \/>2017-07-28 Doble M\u00e1ster en Ingenier\u00eda de Caminos y Direcci\u00f3n de Empresas<br \/>2017-06-12 Alumnado que solicita el cambio de universidad o titulaci\u00f3n<br \/>2017-05-25 Plazos preinscripci\u00f3n y matr\u00edcula Masters Universitarios<br \/>2017-05-02 Premio Aula Compa\u00f1\u00eda de Tranv\u00edas 2016-2017<br \/>2017-03-06 Jornadas Gesti\u00f3n y Dise\u00f1o del Transporte Urbano y Metropolitano<br \/>2017-02-23 Estancia en Pr\u00e1cticas 2017<br \/>2017-02-23 Viaje de pr\u00e1cticas 2016-2017<br \/>2017-02-13 Curso Istram: Iniciaci\u00f3n e Avanzado<br \/>2017-02-09 Movilidad SICUE 2017\/2018 (solicitudes hasta el 10 de marzo)<br \/>2017-01-23 Reuni\u00f3n informativa movilidad internacional: jueves 26\/1 a las 12:45h<br \/>2017-01-12 Curso de iniciaci\u00f3n de Istram-Ispol<br \/>2017-01-05 Video resumen de los dicursos del acto de entrega de diplomas<br \/>2016-11-17 25 a\u00f1os formando talentos<br \/>2016-11-07 Premio Gas Natural Fenosa de Energ\u00eda y Agua 2016<br \/>2016-10-25 Actualizaci\u00f3n Derradeira Convocatoria (ICCP) 2016\/2017<br \/>2016-10-25 Fechas Ex\u00e1menes Convocatoria adelantada (MICCP) 2016\/2017<br \/>2016-10-13 Premio Ovisa 2016<br \/>2016-10-13 Premio Puentes 2016<br \/>2016-09-09 Fecha de ex\u00e1menes convocatoria adelantada 2016<br \/>2016-07-18 Plazos preinscripci\u00f3n y matr\u00edcula Masters Universitarios<br \/>2016-07-18 Nueva secci\u00f3n de premios y distinciones de la Escuela<br \/>2016-07-06 Alumnado que solicita el cambio de universidad o titulaci\u00f3n<br \/>2016-06-08 Pr\u00e1cticas Verano 2016<br \/>2016-05-18 Premio Aula Compa\u00f1\u00eda de Tranv\u00edas 2015-2016<br \/>2016-05-13 Ranking Universidades con grados sobre Ingenier\u00eda Civil<br \/>2016-04-27 Modificaci\u00f3n del plan de estudios del Grado TECIC aprobada<br \/>2016-04-05 CURSO ISTRAM AVANZADO<br \/>2016-03-11 Ponencias Jornada T\u00e9cnica: Tecnolog\u00eda en Fr\u00edo para Carreteras<br \/>2016-02-29 Conferencia Jose Carlos Roca &#8211; Conservaci\u00f3n Estradas<br \/>2016-02-11 Jornada T\u00e9cnica sobre Tecnolog\u00eda en Fr\u00edo para Carreteras<br \/>2016-02-01 Curso Iniciaci\u00f3n ISTRAM-ISPOL<br \/>2016-01-28 Reunion informativa sobre movilidad internacional: jueves 4 de febrero a las 12:45h<br \/>2016-01-27 Estancia en Pr\u00e1cticas &#8211; Verano 2016<br \/>2016-01-27 Viaje de pr\u00e1cticas 2015-2016<br \/>2015-11-23 Conferencia Antonio Casal: Enxe\u00f1er\u00eda Civil no sector Financeiro<br \/>2015-11-13 Premio Fenosa<br \/>2015-11-12 O investigador H\u00e9ctor G\u00f3mez, Premio da Real Academia de Ingenier\u00eda<br \/>2015-11-06 Premios Ovisa<br \/>2015-11-04 M\u00e1ster en Ing. de Estructuras y Mat. Aerospaciales (T\u00edtulo Propio)<br \/>2015-11-03 Conferencia Xoves 5: Control da Contaminaci\u00f3n Atmosf\u00e9rica<br \/>2015-11-03 Premios Puentes 2014\/1015<br \/>2015-10-19 Reuni\u00f3n informativa movilidad internacional &#8211; 22 octubre<br \/>2015-10-16 Derradeira convocatoria &#8211; 2015\/2016<br \/>2015-06-30 Premio ao Mellor Proxecto Universitario en Software Libre<br \/>2015-06-30 Asignaci\u00f3n de Estad\u00eda Pr\u00e1cticas v2<br \/>2015-06-29 Plazos de preinscripci\u00f3n y matr\u00edcula de Masters Universitarios<br \/>2015-06-22 Solicitud cambio de Universidad\/Titulaci\u00f3n<br \/>2015-06-03 Asignaci\u00f3n de Estad\u00eda Pr\u00e1cticas v1<br \/>2015-04-13 Premios Fundaci\u00f3n de la Ingenier\u00eda Civil preuniversitarios<br \/>2015-03-26 Listado Provisional Curso Istram<br \/>2015-03-18 Xornadas Auga e Desenvolvemento Sostible<br \/>2015-03-11 Taller Iniciativa Xove<br \/>2015-03-10 Curso Avanzado ISTRAM<br \/>2015-03-04 Conferencia: Aproveitamento de Caudais Ecol\u00f3xicos<br \/>2015-02-26 Encontros UDC25<br \/>2015-02-24 Conferencia sobre Enerx\u00eda E\u00f3lica<br \/>2015-02-24 Conferencia sobre Enerx\u00eda E\u00f3lica<br \/>2015-02-13 Listado Admitidos ISTRAM<br \/>2015-02-10 Viaje de Pr\u00e1cticas 2015<br \/>2015-02-09 Conferencia: \u00c9tica en la construcci\u00f3n &#8211; Gerardo Collazo<br \/>2015-02-05 Curso Iniciaci\u00f3n ISTRAM-ISPOL<br \/>2015-01-22 Convocatoria estancia en pr\u00e1cticas 2015<br \/>2015-01-22 Reunion informativa movilidad internacional: jueves 29\/01 &#8211; 12:45<br \/>2014-12-11 Conferencia D. Bruno Lago<br \/>2014-11-25 Premio Ovisa 2014<br \/>2014-11-25 Premio Gas Natural Fenosa 2014<br \/>2014-11-11 Presentaci\u00f3n EDPR University Challenge 2015: 12\/Nov 13:45<br \/>2014-10-27 Reuni\u00f3n informativa movilidad internacional 30 octubre<br \/>2014-10-21 Premios Puentes 2014<br \/>2014-10-08 M\u00e1ster de Investigaci\u00f3n: Calendario y normas (2014-2015)<br \/>2014-09-19 Nuevo plazo de preinscripci\u00f3n en curso puente<br \/>2014-09-04 Ex\u00e1menes Convocatoria Adiantada de Septembro 2014<br \/>2014-08-29 Instrucci\u00f3ns Informe e Memoria de Estancia en Pr\u00e1cticas<br \/>2014-07-17 Plazo extraordinario curso ponte<br \/>2014-07-03 Preinscripci\u00f3n online en M\u00e1steres de la UDC (2014-2015)<br \/>2014-06-20 Plazos de preinscripci\u00f3n y matr\u00edcula en los M\u00e1ster<br \/>2014-05-16 Oferta anticipada Altenex (Actualizaci\u00f3n)<br \/>2014-05-16 Estancia en practicas verano 2014<br \/>2014-04-24 Intercambios internacionales: Segunda convocatoria<br \/>2014-03-07 Viaje de pr\u00e1cticas 2013-2014<br \/>2014-02-11 Listado de Admitidos: Cursos ISTRAM_ISPOL<br \/>2014-02-05 Convocatoria de estancia en pr\u00e1cticas<br \/>2014-02-05 Publicada la 3\u00aa conv. de movilidad internacional 2013\/2014<br \/>2014-02-05 Convocatoria Erasmus Pr\u00e1cticas para el curso 2013\/2014<br \/>2014-02-05 Trabajo Fin de M\u00e1ster (M\u00e1ster Inv. Ing. Civil): Normas generales<br \/>2014-02-05 Cursos ISTRAM_ISPOL. Nivel Iniciaci\u00f3n<br \/>2014-02-05 Convocatoria SICUE 2014\/2015<br \/>2014-01-28 Nuevo t\u00edtulo propio UDC: M\u00e1ster en Log\u00edstica y Transporte<br \/>2014-01-28 Acto de homenaxe a Juan Benet. Luns, 16 de decembro<br \/>2014-01-24 Publicada la 1\u00aa conv. de movilidad internacional 2014\/2015<br \/>2014-01-24 Movilidad Internacional: Reuni\u00f3n Informativa: Jueves 30 de Enero, 12:45, Sala de Grados 1<br \/>2013-12-12 Convocatoria de 2 pr\u00e1cticas no servizo de urbanismo da UDC<br \/>2013-12-12 Horarios del M\u00e1ster de Investigaci\u00f3n en Ing. Civil<br \/>2013-12-12 IX Ciclo de Conferencias: Jos\u00e9 Pi\u00f1eiro Aneiro (xoves, 15 nov)<br \/>2013-12-12 Nombramiento de T.J.R. Hughes como Doctor Honoris Causa<br \/>2013-11-07 Conferencias sobre Bioconstrucci\u00f3n<br \/>2013-10-14 Preinscripci\u00f3n en los M\u00e1ster de la ETSICCP<br \/>2013-10-14 Reuni\u00f3n informativa de movilidad internacional &#8211; 10 oct<br \/>2013-10-08 Conferencia y Exposici\u00f3n: Luciano Yordi 1917-1978<br \/>03\/10\/2013 A innovaci\u00f3n tecnol\u00f3xica baixo o filtro do x\u00e9nero<br \/>01\/10\/2013 Entrega informe estancia en pr\u00e1cticas<br \/>25\/09\/2013 Jornada t\u00e9cnica sobre mezclas bituminosas con emulsi\u00f3n<br \/>05\/08\/2013 Accidente ferroviario en Santiago de Compostela<br \/>26\/07\/2013 Resoluci\u00f3n de la Beca Residencia Siglo XXI<br \/>01\/07\/2013 Preinscripci\u00f3n en el curso de Adaptaci\u00f3n de ITOP a GIOP<br \/>26\/06\/2013 Resoluci\u00f3n de la 2\u00ba Convocatoria + Oferta de 1 plaza<br \/>18\/06\/2013 Pr\u00e1cticas externas: procedimiento y ofertas<br \/>17\/06\/2013 Resumen del M\u00e1ster en ICCP (en tramitaci\u00f3n)<br \/>06\/06\/2013 Pr\u00e1cticas externas: Convocatoria. Lista de alumnos. NOVAS ofertas<br \/>15\/05\/2013 Ciclo de Conferencias: Experiencias en Construcci\u00f3n de Obras P\u00fablicas<br \/>25\/04\/2013 Segunda convocatoria de movilidad internacional 2013-14<br \/>23\/04\/2013 Convocatoria de estancia en pr\u00e1cticas<br \/>04\/02\/2013 Curso ISTRAM iniciaci\u00f3n febrero 2013<\/p><\/div>\n\t\t\t\t<\/div>\n\t\t\t\t\t\t\t\t<\/div>\n\t\t\t\t\t\t<\/div>\n\t\t\t\t<\/div>\n\t\t\t\t\t<\/div>\n\t\t<\/div>\n\t\t\t\t\t<\/div>\n\t\t<\/section>\n\t\t\t\t<\/div>\n\t\t","protected":false},"excerpt":{"rendered":"<p>2020 No hay noticias 2019 2019-12-09 Premio Banco Caminos2019-11-11 Premio ACADAR 20192019-10-24 Premio OVISA 20192019-10-24 Premio Profesor Rodrigo del Hoyo 20192019-10-24 Premio COPASA 20192019-10-21 Premio Puentes 20192019-09-06 Premios FICG a mejores Expedientes de Bachillerato 20192019-06-14 Solicitude de cambio de Universidade 20192019-06-06 Jornada de puertas abiertas (22 de junio, de 10:00&#8230; <a class=\"continue-reading-link\" href=\"https:\/\/caminos.udc.es\/hosting\/web\/index.php\/historico-de-noticias\/\">Continue reading<\/a><\/p>\n","protected":false},"author":1,"featured_media":0,"parent":0,"menu_order":0,"comment_status":"closed","ping_status":"closed","template":"","meta":{"footnotes":""},"class_list":["post-635","page","type-page","status-publish","hentry"],"yoast_head":"<!-- This site is optimized with the Yoast SEO plugin v25.6 - https:\/\/yoast.com\/wordpress\/plugins\/seo\/ -->\n<title>Historico de noticias -<\/title>\n<meta name=\"robots\" content=\"index, follow, max-snippet:-1, max-image-preview:large, max-video-preview:-1\" \/>\n<link rel=\"canonical\" href=\"https:\/\/caminos.udc.es\/hosting\/web\/index.php\/historico-de-noticias\/\" \/>\n<meta property=\"og:locale\" content=\"es_ES\" \/>\n<meta property=\"og:type\" content=\"article\" \/>\n<meta property=\"og:title\" content=\"Historico de noticias -\" \/>\n<meta property=\"og:description\" content=\"2020 No hay noticias 2019 2019-12-09 Premio Banco Caminos2019-11-11 Premio ACADAR 20192019-10-24 Premio OVISA 20192019-10-24 Premio Profesor Rodrigo del Hoyo 20192019-10-24 Premio COPASA 20192019-10-21 Premio Puentes 20192019-09-06 Premios FICG a mejores Expedientes de Bachillerato 20192019-06-14 Solicitude de cambio de Universidade 20192019-06-06 Jornada de puertas abiertas (22 de junio, de 10:00... Continue reading\" \/>\n<meta property=\"og:url\" content=\"https:\/\/caminos.udc.es\/hosting\/web\/index.php\/historico-de-noticias\/\" \/>\n<meta property=\"article:publisher\" content=\"https:\/\/www.facebook.com\/caminosudc\/\" \/>\n<meta property=\"article:modified_time\" content=\"2020-07-06T11:34:54+00:00\" \/>\n<meta name=\"twitter:card\" content=\"summary_large_image\" \/>\n<meta name=\"twitter:site\" content=\"@Caminos_UDC\" \/>\n<meta name=\"twitter:label1\" content=\"Tiempo de lectura\" \/>\n\t<meta name=\"twitter:data1\" content=\"7 minutos\" \/>\n<script type=\"application\/ld+json\" class=\"yoast-schema-graph\">{\"@context\":\"https:\/\/schema.org\",\"@graph\":[{\"@type\":\"WebPage\",\"@id\":\"https:\/\/caminos.udc.es\/hosting\/web\/index.php\/historico-de-noticias\/\",\"url\":\"https:\/\/caminos.udc.es\/hosting\/web\/index.php\/historico-de-noticias\/\",\"name\":\"Historico de noticias -\",\"isPartOf\":{\"@id\":\"https:\/\/caminos.udc.es\/hosting\/web\/#website\"},\"datePublished\":\"2020-06-22T13:44:41+00:00\",\"dateModified\":\"2020-07-06T11:34:54+00:00\",\"breadcrumb\":{\"@id\":\"https:\/\/caminos.udc.es\/hosting\/web\/index.php\/historico-de-noticias\/#breadcrumb\"},\"inLanguage\":\"es\",\"potentialAction\":[{\"@type\":\"ReadAction\",\"target\":[\"https:\/\/caminos.udc.es\/hosting\/web\/index.php\/historico-de-noticias\/\"]}]},{\"@type\":\"BreadcrumbList\",\"@id\":\"https:\/\/caminos.udc.es\/hosting\/web\/index.php\/historico-de-noticias\/#breadcrumb\",\"itemListElement\":[{\"@type\":\"ListItem\",\"position\":1,\"name\":\"Portada\",\"item\":\"https:\/\/caminos.udc.es\/hosting\/web\/\"},{\"@type\":\"ListItem\",\"position\":2,\"name\":\"Historico de noticias\"}]},{\"@type\":\"WebSite\",\"@id\":\"https:\/\/caminos.udc.es\/hosting\/web\/#website\",\"url\":\"https:\/\/caminos.udc.es\/hosting\/web\/\",\"name\":\"Escuela de Caminos UDC\",\"description\":\"\",\"publisher\":{\"@id\":\"https:\/\/caminos.udc.es\/hosting\/web\/#organization\"},\"potentialAction\":[{\"@type\":\"SearchAction\",\"target\":{\"@type\":\"EntryPoint\",\"urlTemplate\":\"https:\/\/caminos.udc.es\/hosting\/web\/?s={search_term_string}\"},\"query-input\":{\"@type\":\"PropertyValueSpecification\",\"valueRequired\":true,\"valueName\":\"search_term_string\"}}],\"inLanguage\":\"es\"},{\"@type\":\"Organization\",\"@id\":\"https:\/\/caminos.udc.es\/hosting\/web\/#organization\",\"name\":\"Escuela de Caminos, Canales y Puertos A Coru\u00f1a\",\"url\":\"https:\/\/caminos.udc.es\/hosting\/web\/\",\"logo\":{\"@type\":\"ImageObject\",\"inLanguage\":\"es\",\"@id\":\"https:\/\/caminos.udc.es\/hosting\/web\/#\/schema\/logo\/image\/\",\"url\":\"https:\/\/caminos.udc.es\/hosting\/web\/wp-content\/uploads\/2020\/08\/Logo-Puente.png\",\"contentUrl\":\"https:\/\/caminos.udc.es\/hosting\/web\/wp-content\/uploads\/2020\/08\/Logo-Puente.png\",\"width\":467,\"height\":120,\"caption\":\"Escuela de Caminos, Canales y Puertos A Coru\u00f1a\"},\"image\":{\"@id\":\"https:\/\/caminos.udc.es\/hosting\/web\/#\/schema\/logo\/image\/\"},\"sameAs\":[\"https:\/\/www.facebook.com\/caminosudc\/\",\"https:\/\/x.com\/Caminos_UDC\",\"https:\/\/es.wikipedia.org\/wiki\/Escuela_T\u00e9cnica_Superior_de_Ingenieros_de_Caminos,_Canales_y_Puertos_de_La_Coru\u00f1a\"]}]}<\/script>\n<!-- \/ Yoast SEO plugin. -->","yoast_head_json":{"title":"Historico de noticias -","robots":{"index":"index","follow":"follow","max-snippet":"max-snippet:-1","max-image-preview":"max-image-preview:large","max-video-preview":"max-video-preview:-1"},"canonical":"https:\/\/caminos.udc.es\/hosting\/web\/index.php\/historico-de-noticias\/","og_locale":"es_ES","og_type":"article","og_title":"Historico de noticias -","og_description":"2020 No hay noticias 2019 2019-12-09 Premio Banco Caminos2019-11-11 Premio ACADAR 20192019-10-24 Premio OVISA 20192019-10-24 Premio Profesor Rodrigo del Hoyo 20192019-10-24 Premio COPASA 20192019-10-21 Premio Puentes 20192019-09-06 Premios FICG a mejores Expedientes de Bachillerato 20192019-06-14 Solicitude de cambio de Universidade 20192019-06-06 Jornada de puertas abiertas (22 de junio, de 10:00... Continue reading","og_url":"https:\/\/caminos.udc.es\/hosting\/web\/index.php\/historico-de-noticias\/","article_publisher":"https:\/\/www.facebook.com\/caminosudc\/","article_modified_time":"2020-07-06T11:34:54+00:00","twitter_card":"summary_large_image","twitter_site":"@Caminos_UDC","twitter_misc":{"Tiempo de lectura":"7 minutos"},"schema":{"@context":"https:\/\/schema.org","@graph":[{"@type":"WebPage","@id":"https:\/\/caminos.udc.es\/hosting\/web\/index.php\/historico-de-noticias\/","url":"https:\/\/caminos.udc.es\/hosting\/web\/index.php\/historico-de-noticias\/","name":"Historico de noticias -","isPartOf":{"@id":"https:\/\/caminos.udc.es\/hosting\/web\/#website"},"datePublished":"2020-06-22T13:44:41+00:00","dateModified":"2020-07-06T11:34:54+00:00","breadcrumb":{"@id":"https:\/\/caminos.udc.es\/hosting\/web\/index.php\/historico-de-noticias\/#breadcrumb"},"inLanguage":"es","potentialAction":[{"@type":"ReadAction","target":["https:\/\/caminos.udc.es\/hosting\/web\/index.php\/historico-de-noticias\/"]}]},{"@type":"BreadcrumbList","@id":"https:\/\/caminos.udc.es\/hosting\/web\/index.php\/historico-de-noticias\/#breadcrumb","itemListElement":[{"@type":"ListItem","position":1,"name":"Portada","item":"https:\/\/caminos.udc.es\/hosting\/web\/"},{"@type":"ListItem","position":2,"name":"Historico de noticias"}]},{"@type":"WebSite","@id":"https:\/\/caminos.udc.es\/hosting\/web\/#website","url":"https:\/\/caminos.udc.es\/hosting\/web\/","name":"Escuela de Caminos UDC","description":"","publisher":{"@id":"https:\/\/caminos.udc.es\/hosting\/web\/#organization"},"potentialAction":[{"@type":"SearchAction","target":{"@type":"EntryPoint","urlTemplate":"https:\/\/caminos.udc.es\/hosting\/web\/?s={search_term_string}"},"query-input":{"@type":"PropertyValueSpecification","valueRequired":true,"valueName":"search_term_string"}}],"inLanguage":"es"},{"@type":"Organization","@id":"https:\/\/caminos.udc.es\/hosting\/web\/#organization","name":"Escuela de Caminos, Canales y Puertos A Coru\u00f1a","url":"https:\/\/caminos.udc.es\/hosting\/web\/","logo":{"@type":"ImageObject","inLanguage":"es","@id":"https:\/\/caminos.udc.es\/hosting\/web\/#\/schema\/logo\/image\/","url":"https:\/\/caminos.udc.es\/hosting\/web\/wp-content\/uploads\/2020\/08\/Logo-Puente.png","contentUrl":"https:\/\/caminos.udc.es\/hosting\/web\/wp-content\/uploads\/2020\/08\/Logo-Puente.png","width":467,"height":120,"caption":"Escuela de Caminos, Canales y Puertos A Coru\u00f1a"},"image":{"@id":"https:\/\/caminos.udc.es\/hosting\/web\/#\/schema\/logo\/image\/"},"sameAs":["https:\/\/www.facebook.com\/caminosudc\/","https:\/\/x.com\/Caminos_UDC","https:\/\/es.wikipedia.org\/wiki\/Escuela_T\u00e9cnica_Superior_de_Ingenieros_de_Caminos,_Canales_y_Puertos_de_La_Coru\u00f1a"]}]}},"_links":{"self":[{"href":"https:\/\/caminos.udc.es\/hosting\/web\/index.php\/wp-json\/wp\/v2\/pages\/635","targetHints":{"allow":["GET"]}}],"collection":[{"href":"https:\/\/caminos.udc.es\/hosting\/web\/index.php\/wp-json\/wp\/v2\/pages"}],"about":[{"href":"https:\/\/caminos.udc.es\/hosting\/web\/index.php\/wp-json\/wp\/v2\/types\/page"}],"author":[{"embeddable":true,"href":"https:\/\/caminos.udc.es\/hosting\/web\/index.php\/wp-json\/wp\/v2\/users\/1"}],"replies":[{"embeddable":true,"href":"https:\/\/caminos.udc.es\/hosting\/web\/index.php\/wp-json\/wp\/v2\/comments?post=635"}],"version-history":[{"count":5,"href":"https:\/\/caminos.udc.es\/hosting\/web\/index.php\/wp-json\/wp\/v2\/pages\/635\/revisions"}],"predecessor-version":[{"id":1046,"href":"https:\/\/caminos.udc.es\/hosting\/web\/index.php\/wp-json\/wp\/v2\/pages\/635\/revisions\/1046"}],"wp:attachment":[{"href":"https:\/\/caminos.udc.es\/hosting\/web\/index.php\/wp-json\/wp\/v2\/media?parent=635"}],"curies":[{"name":"wp","href":"https:\/\/api.w.org\/{rel}","templated":true}]}}