{"id":683,"date":"2021-03-16T07:28:03","date_gmt":"2021-03-16T07:28:03","guid":{"rendered":"http:\/\/caminos.udc.es\/hosting\/cgm\/?page_id=683"},"modified":"2021-03-16T07:45:23","modified_gmt":"2021-03-16T07:45:23","slug":"docenciag","status":"publish","type":"page","link":"https:\/\/caminos.udc.es\/hosting\/cgm\/?page_id=683&lang=gl","title":{"rendered":"DocenciaG"},"content":{"rendered":"\t\t<div data-elementor-type=\"wp-page\" data-elementor-id=\"683\" class=\"elementor elementor-683\">\n\t\t\t\t\t\t<div class=\"elementor-inner\">\n\t\t\t\t<div class=\"elementor-section-wrap\">\n\t\t\t\t\t\t\t\t\t<section class=\"elementor-section elementor-top-section elementor-element elementor-element-68e1ac2c elementor-section-boxed elementor-section-height-default elementor-section-height-default\" data-id=\"68e1ac2c\" data-element_type=\"section\">\n\t\t\t\t\t\t<div class=\"elementor-container elementor-column-gap-default\">\n\t\t\t\t\t\t\t<div class=\"elementor-row\">\n\t\t\t\t\t<div class=\"elementor-column elementor-col-100 elementor-top-column elementor-element elementor-element-66b170d3\" data-id=\"66b170d3\" data-element_type=\"column\">\n\t\t\t<div class=\"elementor-column-wrap elementor-element-populated\">\n\t\t\t\t\t\t\t<div class=\"elementor-widget-wrap\">\n\t\t\t\t\t\t<div class=\"elementor-element elementor-element-338ac179 elementor-widget elementor-widget-text-editor\" data-id=\"338ac179\" data-element_type=\"widget\" data-widget_type=\"text-editor.default\">\n\t\t\t\t<div class=\"elementor-widget-container\">\n\t\t\t\t\t\t\t\t<div class=\"elementor-text-editor elementor-clearfix\">\n\t\t\t\t<p>Os membros do CGM centran a s\u00faa actividade docente principalmente na Escola de Enxe\u00f1eiros de Cami\u00f1os, Canles e Portos (ETSICCP) da Universidade da Coru\u00f1a (UDC). Con todo, tam\u00e9n imparten clases na Universidade Senior.<\/p>\t\t\t\t\t<\/div>\n\t\t\t\t\t\t<\/div>\n\t\t\t\t<\/div>\n\t\t\t\t\t\t<\/div>\n\t\t\t\t\t<\/div>\n\t\t<\/div>\n\t\t\t\t\t\t\t\t<\/div>\n\t\t\t\t\t<\/div>\n\t\t<\/section>\n\t\t\t\t<section class=\"elementor-section elementor-top-section elementor-element elementor-element-1d69951 elementor-section-boxed elementor-section-height-default elementor-section-height-default\" data-id=\"1d69951\" data-element_type=\"section\">\n\t\t\t\t\t\t<div class=\"elementor-container elementor-column-gap-default\">\n\t\t\t\t\t\t\t<div class=\"elementor-row\">\n\t\t\t\t\t<div class=\"elementor-column elementor-col-100 elementor-top-column elementor-element elementor-element-890ec42\" data-id=\"890ec42\" data-element_type=\"column\">\n\t\t\t<div class=\"elementor-column-wrap elementor-element-populated\">\n\t\t\t\t\t\t\t<div class=\"elementor-widget-wrap\">\n\t\t\t\t\t\t<div class=\"elementor-element elementor-element-d8621ab elementor-tabs-view-horizontal elementor-widget elementor-widget-tabs\" data-id=\"d8621ab\" data-element_type=\"widget\" data-widget_type=\"tabs.default\">\n\t\t\t\t<div class=\"elementor-widget-container\">\n\t\t\t\t\t<div class=\"elementor-tabs\">\n\t\t\t<div class=\"elementor-tabs-wrapper\" role=\"tablist\" >\n\t\t\t\t\t\t\t\t\t<div id=\"elementor-tab-title-2261\" class=\"elementor-tab-title elementor-tab-desktop-title\" aria-selected=\"true\" data-tab=\"1\" role=\"tab\" tabindex=\"0\" aria-controls=\"elementor-tab-content-2261\" aria-expanded=\"false\"><a href=\"\">Titulaci\u00f3ns<\/a><\/div>\n\t\t\t\t\t\t\t\t\t<div id=\"elementor-tab-title-2262\" class=\"elementor-tab-title elementor-tab-desktop-title\" aria-selected=\"false\" data-tab=\"2\" role=\"tab\" tabindex=\"-1\" aria-controls=\"elementor-tab-content-2262\" aria-expanded=\"false\"><a href=\"\">Terceiro Ciclo<\/a><\/div>\n\t\t\t\t\t\t\t<\/div>\n\t\t\t<div class=\"elementor-tabs-content-wrapper\" role=\"tablist\" aria-orientation=\"vertical\">\n\t\t\t\t\t\t\t\t\t<div class=\"elementor-tab-title elementor-tab-mobile-title\" aria-selected=\"true\" data-tab=\"1\" role=\"tab\" tabindex=\"0\" aria-controls=\"elementor-tab-content-2261\" aria-expanded=\"false\">Titulaci\u00f3ns<\/div>\n\t\t\t\t\t<div id=\"elementor-tab-content-2261\" class=\"elementor-tab-content elementor-clearfix\" data-tab=\"1\" role=\"tabpanel\" aria-labelledby=\"elementor-tab-title-2261\" tabindex=\"0\" hidden=\"false\"><p>A continuaci\u00f3n ind\u00edcanse as materias impartidas, agrupadas por titulaci\u00f3ns, centros e cursos.<\/p><p><strong>Grao en Tecnolox\u00eda da enxe\u00f1er\u00eda Civil (GTECIC) \u2013\u00a0 ETSICCP :<\/strong><\/p><ul><li>F\u00edsica Aplicada 1. Primeiro curso.<\/li><li>F\u00edsica Aplicada 2. Primeiro curso.<\/li><li>Cami\u00f1os. Terceiro curso.<\/li><li>Geotecnia I. Terceiro curso.<\/li><li>Geotecnia II. Terceiro curso.<\/li><li>Ciencia de Materiais. Optativa. Cuarto curso.<\/li><\/ul><p><strong>Grao en Enxe\u00f1er\u00eda de Obras P\u00fablicas (GIOP) &#8211; ETSICCP:<\/strong><\/p><ul><li>Infraestruturas do Transporte. Segundo curso.<\/li><li>Enxe\u00f1er\u00eda do Terreo I. Terceiro curso.<\/li><li>Cami\u00f1os e Ferrocarr\u00eds. Cuarto curso. Especialidade en Construci\u00f3ns Civ\u00eds.<\/li><li>Cami\u00f1os e Aeroportos. Cuarto curso. Especialidade en Transportes e Servizos Urbanos.<\/li><li>Enxe\u00f1er\u00eda de Tr\u00e1fico e Seguridade viaria. Optativa. Terceiro e cuarto curso. Especialidade en Transportes e Servizos Urbanos.<\/li><\/ul><p><strong>Master en Enxe\u00f1er\u00eda de Cami\u00f1os, Canles e Portos (MICCP) &#8211;\u00a0 ETSICCP:<\/strong><\/p><ul><li>Infraestrutura de Estradas e Aeroportos. Optativa. Primeiro curso.<\/li><li>Explotaci\u00f3n de Estradas. Segundo curso.<\/li><li>Ampliaci\u00f3n de Enxe\u00f1er\u00eda do Terreo. Segundo curso.<\/li><\/ul><p><strong>Universidade\u00a0 Senior da UDC:<\/strong><\/p><ul><li>Ciencia para a Cidadan\u00eda de Hoxe. Cuarto curso.<\/li><\/ul><\/div>\n\t\t\t\t\t\t\t\t\t<div class=\"elementor-tab-title elementor-tab-mobile-title\" aria-selected=\"false\" data-tab=\"2\" role=\"tab\" tabindex=\"-1\" aria-controls=\"elementor-tab-content-2262\" aria-expanded=\"false\">Terceiro Ciclo<\/div>\n\t\t\t\t\t<div id=\"elementor-tab-content-2262\" class=\"elementor-tab-content elementor-clearfix\" data-tab=\"2\" role=\"tabpanel\" aria-labelledby=\"elementor-tab-title-2262\" tabindex=\"0\" hidden=\"hidden\"><p>Os membros do\u00a0 CGM dirixiron as seguintes teses doutorais:<\/p><p style=\"text-align: left;\"><strong>Highway\u00a0 travel estafe\u00a0 information\u00a0 systems:\u00a0 from\u00a0 traditional\u00a0 to\u00a0 Cooperative\u00a0 driving\u00a0 environments<\/strong><\/p><hr \/><p><strong>Doutorando\/a: <\/strong>Margarita Mart\u00ednez D\u00edaz<br \/><strong>Director\/a de tese: <\/strong>Francesc Soriguera Marti e Ignacio P\u00e9rez P\u00e9rez<br \/><strong>Fecha de lectura: <\/strong>diciembre de 2018<br \/><strong>Premios:<\/strong> Abertis internacional e nacional (2020)<\/p><p><a href=\"https:\/\/ruc.udc.es\/dspace\/handle\/2183\/21559\"><strong>M\u00e1is informaci\u00f3n e documento completo<\/strong><\/a><\/p><p><strong>O efecto 3D no c\u00e1lculo de pantallas<\/strong><\/p><hr \/><p><strong>Doutorando\/a: <\/strong>Carlos Barba \u00c1vila<br \/><strong>Director\/a de tese: <\/strong>Luis Esteban Medina Rodr\u00edguez<br \/><strong>Fecha de lectura: <\/strong>julio de 2018<\/p><p><strong>M\u00e1is informaci\u00f3n e documento completo\u00a0<\/strong><\/p><p><strong>Comportamento mec\u00e1nico e corrosi\u00f3n mari\u00f1a de diversas aliaxes\u00a0 f\u00e9rricas utilizadas en buques e nos seus compo\u00f1entes<\/strong><\/p><hr \/><p><strong>Doutorando\/a: <\/strong>Nuria Varela Fern\u00e1ndez<br \/><strong>Director\/a de tese: <\/strong>Juan Jos\u00e9 Gal\u00e1n D\u00edaz<br \/><strong>Fecha de lectura: <\/strong>2016<\/p><p><a href=\"https:\/\/dialnet.unirioja.es\/servlet\/tesis?codigo=49620\"><strong>M\u00e1is informaci\u00f3n e documento completo<\/strong><\/a><\/p><p><strong>Aplicaci\u00f3n sostible de residuos de construci\u00f3n e demolici\u00f3n como \u00e1rida reciclaxe de mesturas en fr\u00edo<\/strong><\/p><hr \/><p><strong>Doutorando\/a:<\/strong> Breixo G\u00f3mez Meijide<br \/><strong>Director\/a de tese:<\/strong> Ignacio P\u00e9rez P\u00e9rez<br \/><strong>Fecha de lectura:<\/strong> 2015<br \/><strong>Premios:<\/strong> Premio extraordinario de doutoramento (2014-2015)<\/p><p><strong><a href=\"https:\/\/dialnet.unirioja.es\/servlet\/tesis?codigo=45500\">M\u00e1is informaci\u00f3n e documento completo<\/a><\/strong><\/p><p><strong>Estudo num\u00e9rico de vibraci\u00f3ns provocadas polo tr\u00e1fico ferroviario en t\u00faneles no dominio do tempo<\/strong><\/p><hr \/><p><strong>Doutorando\/a:<\/strong> Jes\u00fas Fern\u00e1ndez Ru\u00edz<br \/><strong>Director\/a de tese:<\/strong> Luis Medina Rodr\u00edguez<br \/><strong>Fecha de lectura:<\/strong> 2014<\/p><p><strong><a href=\"https:\/\/dialnet.unirioja.es\/servlet\/tesis?codigo=41145\">M\u00e1is informaci\u00f3n e documento completo<\/a><\/strong><\/p><p><strong>Sensibilidade \u00e1 auga e propiedades mec\u00e1nicas de mesturas\u00a0 bituminosas en quente fabricadas con \u00e1ridas reciclaxes de residuos de construci\u00f3n e demolici\u00f3n<\/strong><\/p><hr \/><p><strong>Doutorando\/a:<\/strong> Ana Mar\u00eda Rodr\u00edguez Pasand\u00edn<br \/><strong>Director\/a de tese:<\/strong> Ignacio P\u00e9rez P\u00e9rez<br \/><strong>Fecha de lectura:<\/strong> 2013<br \/><strong>Premios:<\/strong> Premio extraordinario de doutoramento (2013-2014)<\/p><p><strong><a href=\"https:\/\/dialnet.unirioja.es\/servlet\/tesis?codigo=38484\">M\u00e1is informaci\u00f3n e documento completo<\/a><\/strong><\/p><p><strong>Innovaci\u00f3n nos m\u00e9todos f\u00edsicos aplicados no \u00e1mbito da Enxe\u00f1er\u00eda mediante o uso das novas tecnolox\u00edas<\/strong><\/p><hr \/><p><strong>Doutorando\/a:<\/strong> Sim\u00f3n Fern\u00e1ndez Garrido<\/p><p><strong>Director\/a de tese:<\/strong> Juan Jos\u00e9 Gal\u00e1n D\u00edaz<br \/><strong>Fecha de lectura:<\/strong> 2012<\/p><p><strong><a href=\"https:\/\/dialnet.unirioja.es\/servlet\/tesis?codigo=38095\">M\u00e1is informaci\u00f3n e documento completo<\/a><\/strong><\/p><p><strong>Procedemento de estimaci\u00f3n da presi\u00f3n de traballo \u00f3ptima na c\u00e1mara de mesturado dun escudo de presi\u00f3n de terras. Implicaci\u00f3n nos par\u00e1metros de dese\u00f1o do escudo<\/strong><\/p><hr \/><p><strong>Doutorando\/a: <\/strong>Juan Miguel Alcaide Alonso<br \/><strong>Director\/a de tese: <\/strong>Luis Medina Rodr\u00edguez<br \/><strong>Fecha de lectura:<\/strong> 2011<\/p><p><strong><a href=\"http:\/\/oa.upm.es\/9161\/\">M\u00e1is informaci\u00f3n e documento completo<\/a><\/strong><\/p><p><strong>Modelos pr\u00e1cticos de\u00a0 remediaci\u00f3n de terreos contaminados por hidrocarburos<\/strong><\/p><hr \/><p><strong>Doutorando\/a: <\/strong>M\u00aa Estrella Rodr\u00edguez Justo<br \/><strong>Director\/a de tese: <\/strong>Luis Medina Rodr\u00edguez<br \/><strong>Fecha de lectura:<\/strong> 2005<\/p><p><strong><a href=\"https:\/\/dialnet.unirioja.es\/servlet\/tesis?codigo=46065\">M\u00e1is informaci\u00f3n e documento completo<\/a><\/strong><\/p><\/div>\n\t\t\t\t\t\t\t<\/div>\n\t\t<\/div>\n\t\t\t\t<\/div>\n\t\t\t\t<\/div>\n\t\t\t\t\t\t<\/div>\n\t\t\t\t\t<\/div>\n\t\t<\/div>\n\t\t\t\t\t\t\t\t<\/div>\n\t\t\t\t\t<\/div>\n\t\t<\/section>\n\t\t\t\t\t\t\t\t\t<\/div>\n\t\t\t<\/div>\n\t\t\t\t\t<\/div>\n\t\t","protected":false},"excerpt":{"rendered":"<p>Os membros do CGM centran a s\u00faa actividade docente principalmente na Escola de Enxe\u00f1eiros de Cami\u00f1os, Canles e Portos (ETSICCP) da Universidade da Coru\u00f1a (UDC). Con todo, tam\u00e9n imparten clases na Universidade Senior. Titulaci\u00f3ns Terceiro Ciclo Titulaci\u00f3ns A continuaci\u00f3n ind\u00edcanse as materias impartidas, agrupadas por titulaci\u00f3ns, centros e cursos. Grao&#8230;<\/p>\n<p class=\"continue-reading-button\"> <a class=\"continue-reading-link\" href=\"https:\/\/caminos.udc.es\/hosting\/cgm\/?page_id=683&#038;lang=gl\">Continue reading<i class=\"crycon-right-dir\"><\/i><\/a><\/p>\n","protected":false},"author":1,"featured_media":0,"parent":0,"menu_order":0,"comment_status":"closed","ping_status":"closed","template":"","meta":[],"_links":{"self":[{"href":"https:\/\/caminos.udc.es\/hosting\/cgm\/index.php?rest_route=\/wp\/v2\/pages\/683"}],"collection":[{"href":"https:\/\/caminos.udc.es\/hosting\/cgm\/index.php?rest_route=\/wp\/v2\/pages"}],"about":[{"href":"https:\/\/caminos.udc.es\/hosting\/cgm\/index.php?rest_route=\/wp\/v2\/types\/page"}],"author":[{"embeddable":true,"href":"https:\/\/caminos.udc.es\/hosting\/cgm\/index.php?rest_route=\/wp\/v2\/users\/1"}],"replies":[{"embeddable":true,"href":"https:\/\/caminos.udc.es\/hosting\/cgm\/index.php?rest_route=%2Fwp%2Fv2%2Fcomments&post=683"}],"version-history":[{"count":4,"href":"https:\/\/caminos.udc.es\/hosting\/cgm\/index.php?rest_route=\/wp\/v2\/pages\/683\/revisions"}],"predecessor-version":[{"id":688,"href":"https:\/\/caminos.udc.es\/hosting\/cgm\/index.php?rest_route=\/wp\/v2\/pages\/683\/revisions\/688"}],"wp:attachment":[{"href":"https:\/\/caminos.udc.es\/hosting\/cgm\/index.php?rest_route=%2Fwp%2Fv2%2Fmedia&parent=683"}],"curies":[{"name":"wp","href":"https:\/\/api.w.org\/{rel}","templated":true}]}}